{"id":25,"date":"2017-12-28T11:04:07","date_gmt":"2017-12-28T11:04:07","guid":{"rendered":"http:\/\/zonata.nu\/?page_id=25"},"modified":"2017-12-28T11:04:07","modified_gmt":"2017-12-28T11:04:07","slug":"om-zonata","status":"publish","type":"page","link":"http:\/\/zonata.nu\/?page_id=25","title":{"rendered":"Om Zonata"},"content":{"rendered":"<p>Denna webbsajt \u00e4r dedikerad \u00e5t v\u00e4gs\u00e4kerhet inom hela Sverige med fokus p\u00e5 Norrbotten. Jag kommer att dela med mig av mina personliga synpunkter som blandas med nyheter fr\u00e5n olika webbsidor som ber\u00f6r v\u00e4gs\u00e4kerhet, trafik och fordon i allm\u00e4nhet. Det finns mycket att f\u00f6rb\u00e4ttra inom v\u00e4gs\u00e4kerhet men det g\u00e5r \u00e4nd\u00e5 \u00e5t r\u00e4tt h\u00e5ll \u00e4ven om mycket kunde g\u00f6ras b\u00e4ttre i Sverige.<\/p>\n<p>F\u00f6r att komma i kontakt med mig s\u00e5 kan ni mejla till f\u00f6ljande adress: fragor@zonata.nu<\/p>\n<p>Tack f\u00f6r att ni bes\u00f6ker Zonata!<\/p>\n","protected":false},"excerpt":{"rendered":"<p>Denna webbsajt \u00e4r dedikerad \u00e5t v\u00e4gs\u00e4kerhet inom hela Sverige med fokus p\u00e5 Norrbotten. Jag kommer att dela med mig av mina personliga synpunkter som blandas med nyheter fr\u00e5n olika webbsidor som ber\u00f6r v\u00e4gs\u00e4kerhet, trafik och fordon i allm\u00e4nhet. Det finns mycket att f\u00f6rb\u00e4ttra inom v\u00e4gs\u00e4kerhet men det g\u00e5r \u00e4nd\u00e5 \u00e5t r\u00e4tt h\u00e5ll \u00e4ven om mycket kunde g\u00f6ras b\u00e4ttre i Sverige. F\u00f6r att komma i kontakt med mig s\u00e5 kan ni mejla till f\u00f6ljande adress: fragor@zonata.nu Tack f\u00f6r att ni bes\u00f6ker Zonata!<\/p>\n","protected":false},"author":1,"featured_media":0,"parent":0,"menu_order":0,"comment_status":"closed","ping_status":"closed","template":"","meta":[],"_links":{"self":[{"href":"http:\/\/zonata.nu\/index.php?rest_route=\/wp\/v2\/pages\/25"}],"collection":[{"href":"http:\/\/zonata.nu\/index.php?rest_route=\/wp\/v2\/pages"}],"about":[{"href":"http:\/\/zonata.nu\/index.php?rest_route=\/wp\/v2\/types\/page"}],"author":[{"embeddable":true,"href":"http:\/\/zonata.nu\/index.php?rest_route=\/wp\/v2\/users\/1"}],"replies":[{"embeddable":true,"href":"http:\/\/zonata.nu\/index.php?rest_route=%2Fwp%2Fv2%2Fcomments&post=25"}],"version-history":[{"count":1,"href":"http:\/\/zonata.nu\/index.php?rest_route=\/wp\/v2\/pages\/25\/revisions"}],"predecessor-version":[{"id":26,"href":"http:\/\/zonata.nu\/index.php?rest_route=\/wp\/v2\/pages\/25\/revisions\/26"}],"wp:attachment":[{"href":"http:\/\/zonata.nu\/index.php?rest_route=%2Fwp%2Fv2%2Fmedia&parent=25"}],"curies":[{"name":"wp","href":"https:\/\/api.w.org\/{rel}","templated":true}]}}